(-6)/n - 94/(-4). What is the highest common divisor of 44 and c?
22
Let g = -33 + 69. Suppose 0 = -53*j + 63*j - 90. Calculate the highest common divisor of g and j.
9
Let x(v) = -v**3 - 6*v**2 + v + 11. Let j be x(-8). Let h = j - 91. Calculate the highest common factor of 8 and h.
8
Let x(n) = -1. Let i(o) = -3*o + 2. Let t(k) = i(k) + x(k). Let u be t(4). Let r = -4 - u. What is the greatest common factor of 28 and r?
7
Let v = -15 + 31. Let g be v/(-40) - 32/(-5). Calculate the highest common factor of 6 and g.
6
Let x be 1 - 5/((-15)/72). Suppose 5*f + 3*t = 8*f + 30, x = -f - 4*t. Let v be (-2)/(28/f - -2). Calculate the highest common divisor of 13 and v.
13
Let j = -3 + -28. Let g = j - -44. Calculate the highest common factor of g and 52.
13
Let u be (-112)/(-18) + 14/(-63). Calculate the greatest common divisor of u and 1.
1
Let j be (-74)/(-4) - (-1)/(-2). Suppose 0 = -3*t + 2*k + 75, -5*t - 2*k + 122 + 3 = 0. Let a = 27 - t. Calculate the greatest common factor of j and a.
2
Suppose -3*r + 5*w - 2*w + 168 = 0, -4*r = 3*w - 252. Let p(b) = -13*b**3 - b**2. Let v be p(-1). Calculate the greatest common divisor of v and r.
12
Suppose -5*z = z - 42. Calculate the highest common divisor of z and 91.
7
Suppose -3*k = -21 - 15. What is the greatest common factor of 4 and k?
4
Let a = 141 - 41. Suppose -4*n = -0*n - 100. What is the greatest common divisor of a and n?
25
Let h = 31 - 19. Suppose -r - r + 60 = 0. What is the greatest common divisor of r and h?
6
Suppose -f = 4*z, 0 = -5*z + 4*f - f + 17. Calculate the highest common divisor of z and 5.
1
Let s(r) = r**3 + 8*r**2 + 8*r + 3. Let f be s(-7). Let q be f/(-6) - 365/(-15). Calculate the greatest common divisor of q and 5.
5
Suppose 2*b - 6*v = -2*v - 8, b + 3*v = 16. Suppose -l + 5 = -b. Suppose l = 2*r - 3. Calculate the greatest common divisor of r and 42.
6
Suppose 0 = w + 2*w - 117. Calculate the highest common divisor of 13 and w.
13
Let u be (-174)/(-15)*(-5)/(-2). Let w = u + 70. What is the highest common divisor of 9 and w?
9
Suppose -9 = -b - 4. Suppose -1 = -2*u + 7. Suppose d = u*d - 60. Calculate the greatest common divisor of b and d.
5
Let t(c) = -c + 19. Let h be t(-7). What is the greatest common factor of h and 104?
26
Let r(m) = m**2 - 6*m - 1. Let k be r(6). Let s(g) = -g - 1 - 3*g**2 - 7*g**3 + 2*g**2 - 2*g**3. Let p be s(k). What is the greatest common divisor of p and 8?
8
Suppose m - 5*f = 8, 4*m + 5*f - 110 = 22. Let a(z) = -2*z**3 - z**2 + 2*z + 196. Let k be a(0). What is the highest common divisor of k and m?
28
Suppose -23 = -37*o + 36*o. Suppose -5*w + w = -276. What is the highest common divisor of o and w?
23
Let d = 2 + 1. Let n be (-764)/d*3/(-2). Let o = -263 + n. Calculate the greatest common divisor of 17 and o.
17
Let n = 12 - 10. Let h(d) = 2*d. Let x be h(n). Calculate the greatest common divisor of x and 36.
4
Let p = 4 - 4. Suppose p = 2*v - 0 - 2. Suppose 3 = -2*u + 5*i, -i = 5*u + 3 - 9. What is the greatest common factor of u and v?
1
Let y(f) = -f**3 - f**2 - 6*f - 5. Let j be y(-4). Suppose 3*c + j = 16. Let k = c + 30. What is the greatest common divisor of 13 and k?
13
Suppose 0 = -4*y + 128 + 52. Calculate the greatest common divisor of 30 and y.
15
Let j = -50 + 59. Calculate the highest common divisor of 18 and j.
9
Suppose 0 = s - 3*s + 108. Suppose -2*m = -47 - 25. What is the greatest common divisor of s and m?
18
Let p = -92 - -98. Calculate the greatest common factor of 27 and p.
3
Let c(d) = -20*d - 24. Let l be c(-4). Calculate the greatest common divisor of 24 and l.
8
Suppose -u = -6*u - 5. Let o = u + 2. Calculate the highest common divisor of 4 and o.
1
Suppose -3*n + 0 = 6. Let j be 0 - 0*(n + 1). Let v be 1 + j - 2*-3. What is the greatest common divisor of v and 42?
7
Let o = 105 + -75. What is the highest common divisor of o and 12?
6
Let m(s) be the third derivative of s**5/30 - s**4/6 + s**3/3 + 3*s**2. Let k be m(2). Let u = -9 - -17. Calculate the highest common factor of u and k.
2
Let x be (-12)/(-15)*(-15)/(-6). Suppose -12 = -x*i - 2*n, -5*i - 3*n + 5*n + 30 = 0. Calculate the greatest common factor of 2 and i.
2
Suppose 0*y = -y + x + 15, y + 2*x - 3 = 0. Calculate the greatest common divisor of y and 1.
1
Let p = -67 + 102. Let z(h) = -4*h - 42. Let x be z(-14). What is the greatest common factor of x and p?
7
Let z = -42 - -57. What is the greatest common factor of z and 105?
15
Let w(z) = 10*z - 6. Let g(p) = p - 1. Let i(m) = -4*g(m) + w(m). Let o be i(2). Let v = 169 + -79. Calculate the highest common factor of o and v.
10
Let d = 223 + -208. Calculate the highest common divisor of d and 30.
15
Let x(f) = -5*f**2 - 2*f - 2. Let i be x(-2). Let y = -11 - i. Calculate the greatest common divisor of y and 7.
7
Let b(f) = 3*f**3 - 2*f**2 - f + 4. Let t be b(3). Suppose -25 = -5*s - 5*z, -s - 3*z + 1 - 2 = 0. What is the greatest common factor of s and t?
8
Let v(u) = 72*u. Let w be v(2). Let q be (-8)/(4/18 + 39/(-54)). Calculate the greatest common factor of q and w.
16
Suppose -x - 7 = -2*u, 5*x - 17 = -3*u - 0. Let y be 2/(-1) + (11 - 2). What is the greatest common factor of y and x?
1
Let x(z) = -z**2 + 9*z + 15. Let k be x(11). Let y(r) = r**2 + 5*r + 2. Let i be y(k). What is the greatest common divisor of i and 144?
16
Suppose -4*g + 36 = -0*w - w, 4*g + 5*w = 12. Let c be (-1 + 0)/(g/(-288)). Suppose -8 = 4*u - 224. Calculate the greatest common divisor of u and c.
18
Let r be (3/3)/(1/5). Suppose -331 + 1056 = 5*u. Suppose -r*w + u = -80. What is the highest common factor of 15 and w?
15
Let h = 70 - 43. Suppose -3*l = -h - 12. What is the greatest common factor of l and 13?
13
Let m(g) be the second derivative of g**3/6 + 3*g**2 + g. Let y be m(0). Let q be ((-3)/y)/(2/(-40)). Calculate the greatest common divisor of 50 and q.
10
Suppose -4*i - 93 = -893. Suppose -7*j + i = -2*j. Calculate the highest common divisor of 10 and j.
10
Let r(q) = -q**3 + 4*q + 2. Let u be r(-2). What is the greatest common divisor of u and 46?
2
Suppose 2*c = -3*m + 83, -3*c - 2*m + 137 = -0*m. Calculate the highest common factor of 28 and c.
7
Suppose 15 = 3*t, 3*t - 23 = -0*l - l. Let d be 2*((-28)/l)/(-7). Calculate the greatest common factor of d and 9.
1
Suppose 30 - 5 = n. Let g be 2 + 1 - (-4 - -1). Suppose -g*w + n = -w. What is the highest common factor of 5 and w?
5
Let n be (-1 - 7)/(-1 - (-2 + 3)). What is the highest common divisor of n and 8?
4
Suppose -s + 16 - 1 = 2*p, 5*p = -2*s + 31. Suppose -528 = -5*n - 4*t, -t - 156 + 54 = -n. Calculate the greatest common factor of n and s.
13
Suppose -4*k + 5*k = 13. Suppose s + u - 7 = 6*u, -s + 4*u + 6 = 0. Let y(l) = 26*l. Let j be y(s). What is the greatest common factor of j and k?
13
Suppose 0 = 3*s - 3 - 27. Let l = 217 + -127. Suppose 10 - l = -i. Calculate the greatest common divisor of s and i.
10
Suppose z = 5*c - 40 - 75, -c = 5*z + 3. Calculate the greatest common factor of c and 55.
11
Suppose 162 + 927 = 11*k. Calculate the greatest common factor of k and 9.
9
Let h(v) = -4*v**2 + 4*v**2 + v**2 - 4*v + 6 - 2*v. Let n be h(4). Let c be 235/15 + n/(-6). Calculate the greatest common divisor of c and 8.
8
Let s be (-257)/(-8) - (-2)/(-16). Let z be (121 - 1)/((-3)/(-4)). Calculate the greatest common divisor of z and s.
32
Suppose 2*g - 3*g = 3*y - 2, -g - 5*y = 0. Let u(q) = q + 2. Let i be u(g). What is the greatest common factor of i and 14?
7
Suppose 3*t + 2 = 8. Calculate the greatest common divisor of t and 10.
2
Let c = 2 - -1. Let m = c + -3. Suppose m = y + 2 - 20. Calculate the greatest common divisor of y and 90.
18
Suppose 4 = 4*y - 0. Calculate the greatest common factor of y and 9.
1
Suppose -r - 2*r = d - 13, -r = 3*d - 7. Suppose 63 = r*s + 19. What is the highest common factor of 99 and s?
11
Let q(a) = a**2 + 5*a + 5. Let l be q(-4). Let s be -1*l*(11 + -31). Calculate the highest common factor of s and 60.
20
Suppose 0*m = 4*m - 52. Let v = m + -4. What is the greatest common factor of 81 and v?
9
Let w = -54 + 104. Suppose 3*d - 45 = 3*j, -d + 4*d = j + 55. Calculate the highest common divisor of d and w.
10
Let x = -30 - -32. Suppose -m + 44 = m. What is the highest common divisor of x and m?
2
Let m(p) = p**3 + 2. Let